{"id":74,"date":"2018-05-13T18:45:19","date_gmt":"2018-05-13T18:45:19","guid":{"rendered":"http:\/\/tschernobyl-hilfe-bocholt.com\/?page_id=74"},"modified":"2018-10-23T09:32:51","modified_gmt":"2018-10-23T09:32:51","slug":"die-unterstuetzung","status":"publish","type":"page","link":"http:\/\/tschernobyl-hilfe-bocholt.com\/?page_id=74","title":{"rendered":"Die Unterst\u00fctzung"},"content":{"rendered":"<p align=\"left\"><span class=\"auto-style2\">In den ersten Jahren der Hilfsaktionen sind die Vereinsmitglieder zu einzelnen Kinderheimen gefahren und haben die Spenden direkt abeliefert. Das ist aufgrund neuer Zollbestimmungen nicht mehr m\u00f6glich. So wird jetzt die gesamte Ladung der LKWs in einem Zollgeb\u00e4ude ausgeladen und kontrolliert. Das kann mehrere Wochen dauern. <\/span><\/p>\n<p class=\"auto-style2\" align=\"left\">Die anschlie\u00dfende Verteilung wird von <a href=\"http:\/\/www.internation-hilfsfonds.org\/aktuell\/2017-04.htm#ar2\" target=\"_blank\" rel=\"noopener\">Pavel Brodov<\/a> organisiert. Er leitet die christliche gemeinn\u00fctzige Wohlt\u00e4tigkeitsvereinigung <a href=\"http:\/\/www.hilfswerk-tabea.de\/\" target=\"_blank\" rel=\"noopener\">Tabea<\/a>. Er kennt die Bed\u00fcrfnisse der Kinderheime in der Region. Au\u00dferdem hat er ein weitl\u00e4ufiges Gel\u00e4nde zu einem Feriendorf gemacht, in dem Kinder und Jugendliche einige Wochen Abstand von den N\u00f6ten ihres Alltags gewinnen k\u00f6nnen.<\/p>\n<h2 align=\"left\"><strong>Hilfe, die ankommt<\/strong><\/h2>\n<figure id=\"attachment_8\" aria-describedby=\"caption-attachment-8\" style=\"width: 450px\" class=\"wp-caption aligncenter\"><img loading=\"lazy\" decoding=\"async\" class=\"wp-image-8 size-full\" src=\"http:\/\/tschernobyl-hilfe-bocholt.com\/wp-content\/uploads\/2018\/05\/arbeit_lager.jpg\" alt=\"\" width=\"450\" height=\"338\" srcset=\"http:\/\/tschernobyl-hilfe-bocholt.com\/wp-content\/uploads\/2018\/05\/arbeit_lager.jpg 450w, http:\/\/tschernobyl-hilfe-bocholt.com\/wp-content\/uploads\/2018\/05\/arbeit_lager-300x225.jpg 300w\" sizes=\"(max-width: 450px) 100vw, 450px\" \/><figcaption id=\"caption-attachment-8\" class=\"wp-caption-text\">Wir leben h\u00e4ufig im \u00dcberfluss und machen uns wenig Gedanken dar\u00fcber, dass vieles von dem, was wir gedankenlos entsorgen, noch einen hohen Gebrauchswert hat. Ob es sich um Textilien, W\u00e4sche, Spielwaren, Teppiche, Bettw\u00e4sche, Stoffe, Wolle und anderes mehr handelt, vieles kann noch genutzt werden, auch wenn es unseren Anspr\u00fcchen nicht mehr gen\u00fcgt. Solange Gegenst\u00e4nde sauber und trocken sind und nicht nicht verderblich, k\u00f6nnen sie dort weiter genutzt werden, wo Not herrscht.<\/figcaption><\/figure>\n<h2 style=\"text-align: center;\">Unterst\u00fctzen Sie die Hilfe f\u00fcr tschernobylgesch\u00e4digte Kinder e.V.<\/h2>\n<ul>\n<li style=\"text-align: center;\"><strong>durch Sachspenden<\/strong><\/li>\n<\/ul>\n<p style=\"text-align: center;\">Rufen Sie an und vereinbaren Sie einen Termin mit dem Vorsitzenden<br \/>\nWerner Linde &#8211; 02871 40427<\/p>\n<p style=\"text-align: center;\">oder<\/p>\n<ul>\n<li style=\"text-align: center;\"><strong>durch finanzielle Zuwendungen<\/strong><\/li>\n<\/ul>\n<p style=\"text-align: center;\">Entweder durch eine einmalige Spende an<\/p>\n<p style=\"text-align: center;\">Hilfe f\u00fcr tschernobylgesch\u00e4digte Kinder e.V.<br \/>\nSparkasse Bocholt &#8211; IBAN DE84 4285 0035 0000 1321 26<br \/>\nBIC WELADED1BOH<\/p>\n<p style=\"text-align: center;\">oder<\/p>\n<p style=\"text-align: center;\">regelm\u00e4\u00dfig durch eine <a href=\"http:\/\/www.tschernobyl-hilfe-bocholt.com\/pdf\/Mitgliedschaftantrag_geaendert.pdf\">Vereinsmitglidschaft<\/a> mit einem Jahresbeitrag in H\u00f6he von 36 Euro.<br \/>\nSpendenquittungen werden ausgestellt.<\/p>\n","protected":false},"excerpt":{"rendered":"<p>In den ersten Jahren der Hilfsaktionen sind die Vereinsmitglieder zu einzelnen Kinderheimen gefahren und haben die Spenden direkt abeliefert. Das ist aufgrund neuer Zollbestimmungen nicht mehr m\u00f6glich. So wird jetzt die gesamte Ladung der LKWs in einem Zollgeb\u00e4ude ausgeladen und kontrolliert. Das kann mehrere Wochen dauern. Die anschlie\u00dfende Verteilung wird von Pavel Brodov organisiert. Er &hellip; <\/p>\n<p class=\"link-more\"><a href=\"http:\/\/tschernobyl-hilfe-bocholt.com\/?page_id=74\" class=\"more-link\"><span class=\"screen-reader-text\">&#8222;Die Unterst\u00fctzung&#8220;<\/span> weiterlesen<\/a><\/p>\n","protected":false},"author":1,"featured_media":0,"parent":0,"menu_order":0,"comment_status":"closed","ping_status":"closed","template":"","meta":{"footnotes":""},"class_list":["post-74","page","type-page","status-publish","hentry"],"_links":{"self":[{"href":"http:\/\/tschernobyl-hilfe-bocholt.com\/index.php?rest_route=\/wp\/v2\/pages\/74"}],"collection":[{"href":"http:\/\/tschernobyl-hilfe-bocholt.com\/index.php?rest_route=\/wp\/v2\/pages"}],"about":[{"href":"http:\/\/tschernobyl-hilfe-bocholt.com\/index.php?rest_route=\/wp\/v2\/types\/page"}],"author":[{"embeddable":true,"href":"http:\/\/tschernobyl-hilfe-bocholt.com\/index.php?rest_route=\/wp\/v2\/users\/1"}],"replies":[{"embeddable":true,"href":"http:\/\/tschernobyl-hilfe-bocholt.com\/index.php?rest_route=%2Fwp%2Fv2%2Fcomments&post=74"}],"version-history":[{"count":4,"href":"http:\/\/tschernobyl-hilfe-bocholt.com\/index.php?rest_route=\/wp\/v2\/pages\/74\/revisions"}],"predecessor-version":[{"id":101,"href":"http:\/\/tschernobyl-hilfe-bocholt.com\/index.php?rest_route=\/wp\/v2\/pages\/74\/revisions\/101"}],"wp:attachment":[{"href":"http:\/\/tschernobyl-hilfe-bocholt.com\/index.php?rest_route=%2Fwp%2Fv2%2Fmedia&parent=74"}],"curies":[{"name":"wp","href":"https:\/\/api.w.org\/{rel}","templated":true}]}}